{"id":96,"date":"2014-05-28T18:19:15","date_gmt":"2014-05-28T16:19:15","guid":{"rendered":"http:\/\/norbergmedia.de\/hauptseite\/?page_id=96"},"modified":"2023-10-11T11:23:31","modified_gmt":"2023-10-11T09:23:31","slug":"impressum","status":"publish","type":"page","link":"https:\/\/www.norbergmedia.de\/hauptseite\/impressum\/","title":{"rendered":"Impressum"},"content":{"rendered":"<p>Impressum Dienstanbieter gem\u00e4\u00df \u00a7 6 TDG:<\/p>\n<p><strong>Norberg Media<\/strong><br \/>\nGeorg Norberg<br \/>\nWaffnergasse 6<br \/>\nDE-93047 Regensburg<\/p>\n<p>Kundensupport Email: gitarreninstitut @ gmail.com<\/p>\n<p>Internet: www.norbergmedia.de<\/p>\n<p>Wir bieten unseren Kundenservice aus Effizienzgr\u00fcnden schriftlich per Email an.<\/p>\n<p>Verantwortlicher lt. \u00a7 10 MDStV: Georg Norberg (Aschrift wie oben)<\/p>\n<p>Ust.-ID: DE263343443<\/p>\n<h3>Nutzungsbedingungen unseres Angebots<\/h3>\n<p>Die frei zug\u00e4nglichen Bereiche und Angebotstexte stehen f\u00fcr Sie kostenlos bereit. Dies schlie\u00dft die Ansicht, beliebiges Besuchen und aktives Kommentieren an den vorgesehen Stellen mit ein. Davon ausgeschlossen sind jedoch jegliche Weiterverarbeitung, Weitergabe an Dritte und gewerbsm\u00e4\u00dfige Wiederverwertung. Es entstehen durch unsere kostenlosen Dienste keinerlei Rechte auf st\u00e4ndige Verf\u00fcgbarkeit, Richtigkeit, Aktualit\u00e4t und Vollst\u00e4ndigkeit der Informationen und weiterf\u00fchrende Beratung. Au\u00dferdem haben Sie keine Anspr\u00fcche auf weiterf\u00fchrende Serviceleistungen durch uns, die nicht unmittelbar mit unserer gesch\u00e4ftlichen Beziehung, dem Kauf von digitalen Produkten oder Dienstleistungen in Bezug stehen.<br \/>\nBitte lesen Sie auch unsere Datenschutzerkl\u00e4rung vollst\u00e4ndig durch.<br \/>\nUnser Angebot richtet sich ausschlie\u00dflich an voll gesch\u00e4ftsf\u00e4hige Personen. Minderj\u00e4hrigen raten wir von der Nutzung ausdr\u00fccklich ab.<\/p>\n<p>Die Pflichtangaben die wir in diesem Impressum gemacht haben verstehen wir nicht als Aufforderung Kontakt mit uns aufzunehmen, geschweige denn uns mit unaufgeforderten Werbeanrufen, Spam-Mails, Werbefaxen oder postalischer Werbung zu bel\u00e4stigen. Kaltaquise und Missbrauch dieser Daten versto\u00dfen gegen das Gesetz des unlauteren Wettbewerbs (UWG) und werden umgehend zur Anzeige gebracht.<\/p>\n<h3>Urheberrecht<\/h3>\n<p>Wir nehmen das Urheberrecht sehr ernst. Alle Rechte Dritter sind entsprechend gekennzeichnet. S\u00e4mtliche Inhalte die wir auf unseren Internetseiten publizieren sind urheberrechtlich gesch\u00fctzt und d\u00fcrfen ohne schriftliche Einwilligung nicht weiterverarbeitet, kopiert und weitergegeben werden.<br \/>\nWir durchforsten monatlich das Internet und andere Quellen nach Verst\u00f6\u00dfen unserer Urheberrechte. Wenn wir unsere Inhalte an anderen Stellen wiederentdecken sind wir gewillt diese Verst\u00f6\u00dfe mit h\u00e4rtesten Mitteln strafrechtlich zu verfolgen.<\/p>\n<h3>Links zu anderen Websites<\/h3>\n<p>Unsere Internetpr\u00e4senz enth\u00e4lt Links zu anderen Webseiten. Eventuelle Rechtsverletzungen waren zum Zeitpunkt der Linksetzung nicht zu erkennen. Sollte uns ein Versto\u00df gegen geltendes Recht bekannt werden, so l\u00f6schen wir den entsprechenden Link unverz\u00fcglich. Eine st\u00e4ndige \u00dcberwachung der durch uns verlinkten Seiten ist ohne einen erkennbaren Grund nicht zumutbar und wird deshalb auch nicht durchgef\u00fchrt. Sollten Sie eventuelle Rechtswidrigkeiten erkennen, bitten wir Sie umgehend uns davon in Kenntnis zu setzen.<\/p>\n<h3>Angebotsausschluss<\/h3>\n<p>Keine Darstellung auf unseren Internetseiten ist als Handlungsaufforderung, Empfehlung zum Kauf oder Angebot zu verstehen. Es findet weder eine Unternehmensberatung noch eine\u00a0Finanzberatung statt. Alle Darstellungen sind beispielhaft und dienen einzig und allein Bildungs- und Unterhaltungszwecken f\u00fcr gesch\u00e4ftsf\u00e4hige Personen.<\/p>\n<h3>Eventuelle Rechtsverst\u00f6\u00dfe<\/h3>\n<p>Wir haben unsere Seiten mit gr\u00f6\u00dfter Sorgfalt und bestem Gewissen erstellt. Sollten Sie dennoch Rechtswidrigkeiten oder Rechtsverletzungen entecken bitten wir Sie uns umgehend davon in Kenntnis zu setzen. Weiterhin besteht aus unserer Sicht kein Grund f\u00fcr Abmahnungen ohne vorherigen Kontakt. Falls dennoch eine Abmahnung in Betracht kommt, bitten Sie von jeglichen Kostennoten abstand zu nehmen &#8211; Verst\u00f6\u00dfe unsererseits werden schnellstm\u00f6glich mit angemessener Frist behoben. Im Falle einer Abmahnung vermuten wir weiterhin fremdbestimmte Gewinnerzielungsabsichten und Missbr\u00e4uchliche Geltendmachung von Kosten gem\u00e4\u00df \u00a7 8 Abs. 4 UWG bzw. \u00a7 2 Abs. 3 UKlaG dahinter. In diesem Fall werden wir durch unsere Anw\u00e4lte eine Gegenabmahnung einleiten.<\/p>\n<h3>Haftungsauschluss und ausdr\u00fcckliche\u00a0Hinweise<\/h3>\n<p>Diese Website dient einzig und allein Unterhaltungszwecken f\u00fcr Menschen mit ausreichendem Bildungsniveau. Alle gemachten Aussagen verstehen sich als Sarkasmus und sind keinesfalls zur Nachahmung geeignet. Alle Personen, Kommentare, als Tatsachen dargestellte Inhalte dieser Website sind frei erfunden, \u00c4hnlichkeiten zu existierenden Personen und Gegenst\u00e4nden sind rein zuf\u00e4llig. Sollte Ihnen unser Unterhaltungsprogramm gefallen, freut uns das. Wenn Sie eine Nachahmung in Ihrem privaten und beruflichen Umfeld in Erw\u00e4gung ziehen, m\u00f6chten wir Sie darauf hinweisen, dass wir keine Haftung \u00fcbernehmen. Unternehmen Sie keine verantwortungsvollen Aufgaben ohne vorher fachliche Beratung einzuholen. F\u00e4llen Sie keine folgeschweren Eintscheidungen ohne einen vereidigten, staatlich gepr\u00fcften Anwalt, Berater, Arzt oder Apotheker zu konsultieren. Auch wenn es den Anschein erwecken mag \u2013 wir geben keine Empfehlungen, Ratschl\u00e4ge, Tipps und fordern niemanden zu irgendetwas auf. Jede getroffene Aussage\u00a0ist dazu geeignet, wirtschaftliche, pers\u00f6nliche und gesellschaftliche Risiken zu provozieren, die bis zum Totalverlust und dar\u00fcber hinaus f\u00fchren k\u00f6nnen. Wir w\u00fcnschen Ihnen spannende Unterhaltung.<\/p>\n<p>Copyright: Norberg Media Verlagsgruppe Georg Norberg. All Rights reserved.<br \/>\nDieser Text ist urheberrechtlich gesch\u00fctzt und darf ohne schriftliche Genehmigung in keinem Fall, (auch nicht auszugsweise oder abgewandelt) kopiert oder weiterverarbeitet werden.<\/p>\n","protected":false},"excerpt":{"rendered":"<p>Impressum Dienstanbieter gem\u00e4\u00df \u00a7 6 TDG: Norberg Media Georg Norberg Waffnergasse 6 DE-93047 Regensburg Kundensupport Email: gitarreninstitut @ gmail.com Internet: www.norbergmedia.de Wir bieten unseren Kundenservice aus Effizienzgr\u00fcnden schriftlich per Email an. Verantwortlicher lt. \u00a7 10 MDStV: Georg Norberg (Aschrift wie oben) Ust.-ID: DE263343443 Nutzungsbedingungen unseres Angebots Die frei zug\u00e4nglichen Bereiche und Angebotstexte stehen f\u00fcr Sie [&hellip;]<\/p>\n","protected":false},"author":1,"featured_media":0,"parent":0,"menu_order":0,"comment_status":"open","ping_status":"open","template":"","meta":[],"_links":{"self":[{"href":"https:\/\/www.norbergmedia.de\/hauptseite\/wp-json\/wp\/v2\/pages\/96"}],"collection":[{"href":"https:\/\/www.norbergmedia.de\/hauptseite\/wp-json\/wp\/v2\/pages"}],"about":[{"href":"https:\/\/www.norbergmedia.de\/hauptseite\/wp-json\/wp\/v2\/types\/page"}],"author":[{"embeddable":true,"href":"https:\/\/www.norbergmedia.de\/hauptseite\/wp-json\/wp\/v2\/users\/1"}],"replies":[{"embeddable":true,"href":"https:\/\/www.norbergmedia.de\/hauptseite\/wp-json\/wp\/v2\/comments?post=96"}],"version-history":[{"count":9,"href":"https:\/\/www.norbergmedia.de\/hauptseite\/wp-json\/wp\/v2\/pages\/96\/revisions"}],"predecessor-version":[{"id":257,"href":"https:\/\/www.norbergmedia.de\/hauptseite\/wp-json\/wp\/v2\/pages\/96\/revisions\/257"}],"wp:attachment":[{"href":"https:\/\/www.norbergmedia.de\/hauptseite\/wp-json\/wp\/v2\/media?parent=96"}],"curies":[{"name":"wp","href":"https:\/\/api.w.org\/{rel}","templated":true}]}}