{"id":188,"date":"2016-03-07T17:00:50","date_gmt":"2016-03-07T15:00:50","guid":{"rendered":"http:\/\/www.norbergmedia.de\/hauptseite\/?page_id=188"},"modified":"2016-03-07T17:00:50","modified_gmt":"2016-03-07T15:00:50","slug":"verteiler-abmelden","status":"publish","type":"page","link":"https:\/\/www.norbergmedia.de\/hauptseite\/hilfe\/verteiler-abmelden\/","title":{"rendered":"Aus dem Verteiler abmelden"},"content":{"rendered":"<p>&nbsp;<\/p>\n<p>Sie wollen keine Mails mehr? Das ist gut, unsere Kapazit\u00e4ten sind begrenzt und jemand anderes freut sich \u00fcber den nun frei gewordenen Platz &#8211; vielen Dank!<\/p>\n<p>Sie k\u00f6nnen sich jederzeit selbst aus unserem Verteiler abmelden und den Empfang unserer E-Mails abbestellen. Am Ende jeder Mail ist ein Link enthalten, mit dem Sie sich selbst aus der Liste entfernen k\u00f6nnen.<\/p>\n<p><strong>Schritt 1:<\/strong><\/p>\n<p>\u00d6ffnen Sie die letzte Mail von uns, und bl\u00e4ttern bis ganz nach unten. Am Ende der Nachricht ist ein Link mit Namen &#8222;Unsubscribe&#8220; oder &#8222;Abmelden&#8220; hinterlegt. Klicken Sie diesen bitte an.<\/p>\n<p><strong>Schritt 2:<\/strong><\/p>\n<p>Es \u00f6ffnet sich eine Seite, auf der Sie nun Ihre Abmeldung offiziell best\u00e4tigen m\u00fcssen. Klicken Sie auch hier noch einmal auf &#8222;unsubscribe&#8220; bzw. &#8222;abmelden&#8220; &#8211; schon ist der Fall erledigt &#8211; vielen Dank!<\/p>\n","protected":false},"excerpt":{"rendered":"<p>&nbsp; Sie wollen keine Mails mehr? Das ist gut, unsere Kapazit\u00e4ten sind begrenzt und jemand anderes freut sich \u00fcber den nun frei gewordenen Platz &#8211; vielen Dank! Sie k\u00f6nnen sich jederzeit selbst aus unserem Verteiler abmelden und den Empfang unserer E-Mails abbestellen. Am Ende jeder Mail ist ein Link enthalten, mit dem Sie sich selbst [&hellip;]<\/p>\n","protected":false},"author":1,"featured_media":0,"parent":139,"menu_order":0,"comment_status":"closed","ping_status":"closed","template":"","meta":[],"_links":{"self":[{"href":"https:\/\/www.norbergmedia.de\/hauptseite\/wp-json\/wp\/v2\/pages\/188"}],"collection":[{"href":"https:\/\/www.norbergmedia.de\/hauptseite\/wp-json\/wp\/v2\/pages"}],"about":[{"href":"https:\/\/www.norbergmedia.de\/hauptseite\/wp-json\/wp\/v2\/types\/page"}],"author":[{"embeddable":true,"href":"https:\/\/www.norbergmedia.de\/hauptseite\/wp-json\/wp\/v2\/users\/1"}],"replies":[{"embeddable":true,"href":"https:\/\/www.norbergmedia.de\/hauptseite\/wp-json\/wp\/v2\/comments?post=188"}],"version-history":[{"count":1,"href":"https:\/\/www.norbergmedia.de\/hauptseite\/wp-json\/wp\/v2\/pages\/188\/revisions"}],"predecessor-version":[{"id":189,"href":"https:\/\/www.norbergmedia.de\/hauptseite\/wp-json\/wp\/v2\/pages\/188\/revisions\/189"}],"up":[{"embeddable":true,"href":"https:\/\/www.norbergmedia.de\/hauptseite\/wp-json\/wp\/v2\/pages\/139"}],"wp:attachment":[{"href":"https:\/\/www.norbergmedia.de\/hauptseite\/wp-json\/wp\/v2\/media?parent=188"}],"curies":[{"name":"wp","href":"https:\/\/api.w.org\/{rel}","templated":true}]}}