{"id":14,"date":"2014-05-23T14:28:24","date_gmt":"2014-05-23T12:28:24","guid":{"rendered":"http:\/\/norbergmedia.de\/hauptseite\/?page_id=14"},"modified":"2019-07-12T11:59:18","modified_gmt":"2019-07-12T09:59:18","slug":"unternehmen","status":"publish","type":"page","link":"https:\/\/www.norbergmedia.de\/hauptseite\/","title":{"rendered":"Unternehmen"},"content":{"rendered":"<p class=\"p1\">Die Digitalisierung ist in vollem Gange und stellt unsere Gesellschaft vor v\u00f6llig neue Herausforderungen. Die Norberg Media tr\u00e4gt mit Ihrer Expertise zum Gelingen bei in den Bereichen der Webentwicklung, Studiotechnik f\u00fcr Musik- und\u00a0 Videoproduktion und auch der Markteinf\u00fchrung digitalisierter Produkte und Dienstleistungen.<\/p>\n<p class=\"p1\"><a class=\"input_submit\" style=\"font-size: inherit;\" href=\"https:\/\/norbergmedia.de\/hauptseite\/partner\/\">weiterlesen \u00bb<\/a><\/p>\n","protected":false},"excerpt":{"rendered":"<p>Die Digitalisierung ist in vollem Gange und stellt unsere Gesellschaft vor v\u00f6llig neue Herausforderungen. Die Norberg Media tr\u00e4gt mit Ihrer Expertise zum Gelingen bei in den Bereichen der Webentwicklung, Studiotechnik f\u00fcr Musik- und\u00a0 Videoproduktion und auch der Markteinf\u00fchrung digitalisierter Produkte und Dienstleistungen. weiterlesen \u00bb<\/p>\n","protected":false},"author":1,"featured_media":0,"parent":0,"menu_order":1,"comment_status":"open","ping_status":"open","template":"","meta":[],"_links":{"self":[{"href":"https:\/\/www.norbergmedia.de\/hauptseite\/wp-json\/wp\/v2\/pages\/14"}],"collection":[{"href":"https:\/\/www.norbergmedia.de\/hauptseite\/wp-json\/wp\/v2\/pages"}],"about":[{"href":"https:\/\/www.norbergmedia.de\/hauptseite\/wp-json\/wp\/v2\/types\/page"}],"author":[{"embeddable":true,"href":"https:\/\/www.norbergmedia.de\/hauptseite\/wp-json\/wp\/v2\/users\/1"}],"replies":[{"embeddable":true,"href":"https:\/\/www.norbergmedia.de\/hauptseite\/wp-json\/wp\/v2\/comments?post=14"}],"version-history":[{"count":18,"href":"https:\/\/www.norbergmedia.de\/hauptseite\/wp-json\/wp\/v2\/pages\/14\/revisions"}],"predecessor-version":[{"id":234,"href":"https:\/\/www.norbergmedia.de\/hauptseite\/wp-json\/wp\/v2\/pages\/14\/revisions\/234"}],"wp:attachment":[{"href":"https:\/\/www.norbergmedia.de\/hauptseite\/wp-json\/wp\/v2\/media?parent=14"}],"curies":[{"name":"wp","href":"https:\/\/api.w.org\/{rel}","templated":true}]}}